 120 and 1022672.
8
What is the greatest common factor of 12748523 and 303?
101
Calculate the greatest common factor of 638 and 1368160057.
319
Calculate the highest common factor of 57 and 51680171.
19
What is the highest common factor of 110 and 4844312?
22
What is the greatest common divisor of 2163271230 and 3330?
3330
What is the highest common divisor of 913725 and 14725?
775
What is the highest common factor of 547469 and 58604?
299
What is the greatest common divisor of 1612904 and 1776?
296
What is the greatest common factor of 476620752 and 1261?
97
Calculate the greatest common factor of 667 and 31839245.
667
Calculate the greatest common factor of 6371 and 1089995.
277
What is the greatest common factor of 3151522 and 6889911?
4621
Calculate the greatest common divisor of 3138 and 54863746.
1046
Calculate the greatest common factor of 1385403 and 339.
3
What is the highest common divisor of 113766 and 1981?
283
Calculate the greatest common factor of 334489 and 3795.
23
What is the greatest common factor of 139777 and 6431876?
1067
What is the highest common divisor of 411572 and 24332?
28
Calculate the highest common factor of 4070 and 7051990.
110
Calculate the highest common factor of 44 and 6910871.
11
What is the greatest common divisor of 27450038 and 3080?
154
What is the highest common divisor of 2935876 and 113764?
956
What is the highest common divisor of 3354 and 112446462?
258
What is the highest common factor of 3612 and 14190000?
516
What is the greatest common factor of 17 and 25060720?
17
Calculate the greatest common factor of 1430 and 56947748.
286
What is the highest common factor of 237 and 511401207?
237
What is the highest common divisor of 136809177 and 6?
3
What is the greatest common factor of 15806625 and 3660?
915
Calculate the highest common divisor of 434 and 115568186.
62
Calculate the greatest common factor of 742 and 136913.
7
Calculate the highest common factor of 1355128 and 10252.
932
Calculate the highest common divisor of 49914 and 15944750.
5546
Calculate the highest common factor of 4951664 and 80.
16
What is the highest common divisor of 6889575 and 945?
105
Calculate the greatest common divisor of 4668 and 1382478.
6
What is the greatest common factor of 108 and 181281834?
54
Calculate the highest common divisor of 1287 and 878709.
39
Calculate the highest common factor of 88712 and 37596.
52
Calculate the greatest common divisor of 149990 and 725.
5
What is the greatest common factor of 7384 and 3156376?
568
What is the highest common factor of 48911 and 121717?
59
Calculate the highest common factor of 43809 and 27897.
51
Calculate the highest common divisor of 2531 and 89194971.
2531
Calculate the highest common factor of 1680 and 402540.
60
What is the greatest common divisor of 1715974 and 7358?
26
What is the highest common divisor of 11196 and 4738396?
1244
Calculate the highest common divisor of 5 and 21083665.
5
What is the greatest common factor of 242478392 and 52?
52
Calculate the highest common factor of 12292829 and 19.
19
What is the highest common factor of 2175600 and 35?
35
Calculate the highest common divisor of 46346722 and 6508.
3254
Calculate the greatest common factor of 3388500 and 100.
100
What is the greatest common factor of 56766 and 10182?
6
What is the highest common divisor of 20953010 and 46410?
2210
What is the highest common factor of 69391 and 43200854?
9913
What is the greatest common divisor of 858951 and 722923?
1097
Calculate the greatest common factor of 478675167 and 6.
3
What is the highest common factor of 132423982 and 5752?
1438
What is the greatest common divisor of 432520138 and 332?
166
Calculate the highest common divisor of 174 and 213521577.
87
What is the greatest common factor of 485262076 and 122?
122
Calculate the highest common divisor of 277211 and 846959.
79
Calculate the highest common divisor of 735435 and 35577.
531
Calculate the greatest common divisor of 592 and 111196396.
148
What is the highest common divisor of 2008672 and 3097213?
1531
What is the highest common factor of 3800 and 1127791550?
950
Calculate the highest common divisor of 451707 and 737817.
867
What is the highest common factor of 11289 and 52896846?
213
What is the greatest common factor of 68857 and 14689?
37
What is the highest common divisor of 783662 and 901868?
4378
Calculate the highest common factor of 9 and 94761333.
9
What is the highest common factor of 136 and 361096?
8
Calculate the highest common factor of 1904 and 2176544.
272
Calculate the greatest common factor of 59840 and 7548.
68
Calculate the highest common factor of 3294 and 1424472.
366
Calculate the greatest common factor of 42169207 and 19685.
3937
What is the greatest common divisor of 7014 and 52284694?
2338
Calculate the greatest common factor of 832 and 10484968.
104
What is the greatest common divisor of 7992 and 1536684?
444
Calculate the highest common factor of 1995 and 349805295.
1995
What is the greatest common factor of 46588 and 1343908?
76
What is the highest common divisor of 8608 and 422160?
16
What is the greatest common divisor of 66 and 9004358?
22
What is the greatest common factor of 574021 and 2450?
7
What is the greatest common divisor of 151840 and 13388492?
3796
Calculate the greatest common divisor of 1184 and 237712864.
1184
What is the highest common divisor of 31616 and 535072?
32
Calculate the highest common divisor of 10004 and 56300011.
2501
Calculate the greatest common divisor of 8 and 45987728.
8
Calculate the greatest common divisor of 98 and 15758547.
49
Calculate the highest common divisor of 52 and 7825610.
26
What is the greatest common factor of 128758 and 3094?
238
Calculate the greatest common factor of 27 and 13321719.
27
What is the greatest common divisor of 191422 and 3337342?
226
Calculate the greatest common divisor of 4223854 and 187.
17
What is the greatest common divisor of 4661633 and 20221?
277
What is the greatest common divisor of 220800 and 128280?
120
What is the greatest common divisor of 57611750 and 5250?
1750
Calculate the greatest common factor of 5572 and 4197284.
28
Calculate the greatest common factor of 2340375964 and 43.
43
Calculate the highest common divisor of 172348 and 6226.
22
What is the highest common divisor of 1161 and 5082686?
43
Calculate the greatest common factor of 14 and 419144586.
14
Calculate the highest common factor of 4614897 and 336.
21
What is the highest common divisor of 3364735 and 198?
11
What is the highest common factor of 148389576 and 8784?
1464
What is the highest common divisor of 84367750 and 1750?
250
What is the highest common divisor of 157920 and 5969?
47
Calculate the highest common factor of 12866 and 119546.
14
What is the greatest common factor of 216256761 and 1935?
387
What is the highest common factor of 720 and 256002480?
720
Calculate the highest common factor of 215878 and 12112633.
4693
What is the highest common factor of 2159 and 2940150?
17
Calculate the greatest common factor of 4303104 and 144.
48
Calculate the greatest common divisor of 3795 and 130698535.
1265
Calculate the greatest common divisor of 3298 and 707906.
194
Calculate the highest common divisor of 497495 and 173101.
1363
Calculate the greatest common divisor of 150495192 and 216.
216
What is the greatest common factor of 210 and 2896922?
14
What is the highest common factor of 156447 and 495?
9
Calculate the highest common divisor of 315594 and 2034.
18
What is the highest common divisor of 10449212 and 1420?
284
Calculate the highest common factor of 10863 and 17289.
153
Calculate the highest common factor of 130707416 and 35.
7
Calculate the greatest common factor of 21264 and 27135522.
2658
Calculate the greatest common divisor of 596131 and 34424.
331
What is the highest common factor of 14537374 and 2718?
302
Calculate the highest common factor of 35619 and 110687.
383
Calculate the greatest common divisor of 828 and 1674495.
9
Calculate the highest common factor of 840 and 926156280.
840
What is the highest common divisor of 230 and 1468711?
23
What is the highest common factor of 5120064 and 27648?
1728
What is the greatest common divisor of 66 and 23920830?
6
Calculate the greatest common fa